nd derivative of 10*i**3/3 + 53*i**2/2 + 9*i - 1. Let z be t(5). Calculate the greatest common divisor of z and 102.
51
Let o(g) = g**3 + 13*g**2 + 5*g - 25. Let s be o(-11). Suppose 2*k = s - 16. Let w = k - 61. Calculate the highest common factor of 48 and w.
12
Suppose 3*w - 4*h = 0, 4*w + 5*h - h = 0. Suppose w = -r - q + 322, -5*r - 6*q + 5*q = -1614. What is the greatest common divisor of 19 and r?
19
Let l = -231 + 600. What is the greatest common divisor of l and 54?
9
Let o(l) = l**3 + 7*l**2 + 3*l + 8. Let j be o(-6). Suppose -2*s - 285 = -59*i + 56*i, -2*s + 79 = i. What is the greatest common divisor of i and j?
13
Let i = 261 + -237. Suppose 6*r - 96 = i. Calculate the highest common factor of r and 140.
20
Suppose -135 = 2*o + 139. Let b = o - -155. Calculate the highest common factor of 279 and b.
9
Let z be -9*4/(24/2). Let p(m) = -51*m + 1. Let l be p(z). Suppose -2*i + 7 + 37 = 0. What is the greatest common divisor of i and l?
22
Suppose 0 = -42*k + 1762 - 356 + 442. Let j = -23 - -35. Calculate the greatest common divisor of k and j.
4
Let b be 4*(-126)/(-168)*(-4125)/(-9). Calculate the greatest common factor of 375 and b.
125
Let s(p) = 3*p + 10. Let x be (-48)/72*(-3)/(-1). Let y be s(x). What is the greatest common divisor of y and 12?
4
Suppose -17*u - 4251 = -4370. Calculate the greatest common divisor of u and 5558.
7
Let y = 141 - 131. Suppose -y = -m - 5. Suppose -222 = -m*d - 177. Calculate the highest common factor of 18 and d.
9
Let o be (-3288)/80 + 3/30. Let b = o - -37. Let h be ((-2)/b)/(3/180). Calculate the greatest common divisor of h and 90.
30
Suppose 0 = -17*x + 173 + 694. Suppose 429*f + 101 = 3*r + 430*f, f + 69 = 2*r. Calculate the greatest common factor of r and x.
17
Let w be -2 + 8 - (-1 - -8). Let z be 9/(-15) + (w - 408/(-30)). Let n be 1516/18 + 34/(-153). Calculate the greatest common factor of n and z.
12
Let u = 206 - 164. Let j = 13 + u. Calculate the highest common factor of j and 22.
11
Let o be -11*(6 - 0)/(-6). Let s(z) = 5*z - 43. Let x be s(o). Suppose -5*g = f + 12, -3*f + 17 = -4*g - 4. Calculate the highest common factor of x and f.
3
Let g be (38/(-8))/(3 - 150/48). Let z be 19*(-2)/((-6)/15). What is the highest common divisor of g and z?
19
Suppose -5*x + 22 + 3 = 0, 38 = g + 5*x. Suppose g*b - 2546 = 8*b - 4*i, -4*b + 2044 = 5*i. What is the highest common divisor of 69 and b?
23
Let j be (56/(-30) - (-6)/(-18))/(23/(-26335)). What is the greatest common divisor of j and 458?
229
Let n(t) = t**3 + 8*t**2 + 11*t - 3. Let q be n(-6). Suppose -i = -5, -5*i + 18 = q*w - 31. What is the greatest common divisor of 64 and w?
8
Suppose -5*v = -m - 75, -v - 2*m = 3*m - 41. Suppose 17*c = v*c. Suppose c = i - 44 - 1. Calculate the greatest common factor of i and 5.
5
Suppose 817 = 3*s + 2*i + 3*i, 2*i - 811 = -3*s. Let v = -86 + s. Suppose k - 3*m = -10 + 67, -3*m - v = -3*k. What is the greatest common divisor of k and 42?
21
Let q be (-2)/(-11) - (-96824)/1078. What is the highest common divisor of q and 750?
30
Let s be 1476/(-8)*(4 - 2). Let t = s - -393. What is the greatest common factor of 120 and t?
24
Let b(s) = 743*s - 1908. Let y be b(21). Calculate the greatest common factor of y and 165.
165
Let d be ((-22)/3)/((3/15)/(-40 + 13)). Let b be (-3)/((-6)/182) + -1. Calculate the greatest common divisor of b and d.
90
Suppose 4*a = s - 65, -504 + 103 = -5*s + a. Let k = 47 + s. What is the greatest common factor of k and 8?
8
Suppose 2*p = -24*d + 29*d + 20, -30 = -3*p - 3*d. Let c be 3 - (2 + (-111 - -2)). Calculate the highest common divisor of c and p.
10
Suppose -3*r - 12 + 32 = -4*t, 4*r = -5*t - 25. Suppose r = -5*y + 20, 2*k - y + 5*y = 62. Let d = -5 + 28. Calculate the highest common factor of k and d.
23
Suppose 5*c - 6 = 2114. Let t(j) = j**2 - 4*j - 7. Let y be -3 + 13/(-2)*-2. Let i be t(y). Calculate the highest common divisor of c and i.
53
Suppose -21*z + 8453 + 3026 + 2045 = 0. Calculate the highest common factor of 140 and z.
28
Suppose 2*g = 3*l + 39, -3*g + 637*l + 50 = 641*l. Calculate the greatest common factor of 298 and g.
2
Suppose -35 - 429 = -q. Let d(a) = 3*a**2 + a + 32. Let m be d(0). Calculate the greatest common factor of m and q.
16
Let a(h) = -h**2 - 6*h - 5. Let n be a(-4). Let l(s) = 18*s + 74. Let z be l(-4). What is the greatest common divisor of z and n?
1
Suppose -20 = -5*c - 0. Let i be c/6 + 196/21. Suppose 3*s - 201 = -3*r, 3*r - 8*r + 4*s = -362. Calculate the greatest common factor of r and i.
10
Suppose -549 = -2*w - 4*j - 457, -2*w - 3*j = -85. Let t = 69 - 37. Calculate the highest common divisor of t and w.
32
Suppose -4*t + 87 = -5*j, j + 3 = -4*t - 0. Let z(r) = 3*r + 37. Let i be z(j). Let v be ((-12)/i)/(3/6). What is the greatest common factor of 33 and v?
3
Let n(x) = 11 + 16*x + 2*x - 2*x + 7*x + 47 - x**2. Let b be n(16). What is the highest common factor of b and 102?
34
Suppose -28*g - 932 + 5664 = 0. Let s = -7 + g. What is the greatest common divisor of 72 and s?
18
Let y(t) = -22*t - 23 - 16*t - 32 - 8*t. Let i be y(-6). Suppose -12 = 4*q, -5*q + 334 = 3*g - i. What is the highest common divisor of 19 and g?
19
Let m be ((-84)/(-10))/((-2)/(-10)). Suppose 5*a = -3*u + 7*a + 3713, -5*u + 6183 = -2*a. Let q = u + -1179. What is the greatest common factor of m and q?
14
Let k(j) = -j**3 - 24*j**2 - 2*j + 205. Let n be k(-40). Calculate the highest common divisor of n and 31.
31
Let q be ((2 - 1) + -5)*(-54)/24. Suppose -q*l = -150 - 66. Calculate the greatest common factor of l and 232.
8
Let d be (-1 - -3) + 240 + -21 + 27. Calculate the greatest common divisor of 1302 and d.
62
Let q = -92 - -106. Suppose -q*l + 75 = -19*l. Let o be (64/l + 24/(-18))*-5. What is the greatest common divisor of o and 14?
14
Suppose 5*n + 3*d - 16 = 0, 5*n - 4 = d + 24. Suppose -4*v - n*x + 404 = 0, -x = v - 144 + 44. What is the greatest common divisor of 72 and v?
24
Let j(m) = 2*m**2 - 10*m - 64. Let u be j(-5). Suppose u = -13*y + 15*y. What is the greatest common factor of y and 90?
18
Let w = 232 - 142. Suppose 0 = 2*n + 3*n - w. Let j = -3411 + 3609. What is the highest common factor of n and j?
18
Let i = -1128 + 1349. What is the highest common divisor of 459 and i?
17
Suppose -6929 = -1563*g + 1550*g. Calculate the highest common factor of 130 and g.
13
Let j(g) = -2*g - 29. Let k be j(-19). Suppose -x + 300 = 3*c, 34*c + x - 102 = 33*c. What is the highest common factor of c and k?
9
Let o(m) = m**2 - 5*m + 6. Let g be o(4). Suppose -g*w - w = -3. Let p = 907 + -899. Calculate the highest common factor of w and p.
1
Suppose 45*l = 5*t + 44*l - 70, 4*t + l = 65. Suppose -v = -4*b + v + 2470, 0 = -4*b - v + 2455. What is the greatest common factor of t and b?
15
Suppose -5*b + 12815 = 5*f, 91*f - 89*f = -3*b + 7687. Calculate the highest common factor of 65 and b.
13
Let z = -5553 - -5697. What is the highest common factor of 816 and z?
48
Let i(v) = -16*v - 114. Let m be i(-10). Suppose -23*f - 1104 = -12742. What is the highest common divisor of f and m?
46
Suppose -153 = -8*m - 9*m. Let s be (-192)/m*(-15 + -6). Calculate the greatest common divisor of 7 and s.
7
Let r be -2 + 2 - (1 - -10)*-12. Let u = 224 + -188. What is the greatest common divisor of u and r?
12
Let c = -37 + 48. Suppose 14*q - 96 = c*q. Suppose 4*v = s + s + q, 0 = 4*v - s - 30. Calculate the highest common factor of 56 and v.
7
Suppose 4*z + 60 = 9*z. Suppose 26 - 30 = -4*w. Calculate the highest common factor of w and z.
1
Let b(q) = 36*q**3 - 3*q**2 - 5*q + 7. Let s be b(1). Let u be (25*1)/((s/(-5))/(-7)). Calculate the highest common divisor of 775 and u.
25
Let s(u) = -u + 37. Let k be s(-11). Let v = k + -39. Calculate the greatest common divisor of v and 333.
9
Let x = 768 + 6090. What is the highest common divisor of 508 and x?
254
Suppose 1800 = 57*l + 18*l. What is the highest common factor of l and 102?
6
Let d = -52 + 60. Suppose -662 = d*q - 686. Calculate the highest common divisor of q and 9.
3
Suppose -10*i - 625 + 28915 - 6390 = 0. What is the highest common factor of i and 60?
30
Let t = -1 - -5. Suppose -a + 5*l = 5, t*a = 5*l - 4 + 14. Let o be (0 + 1)/((a + -1)/16). What is the greatest common factor of o and 40?
4
Suppose 4*j = 